29
Calculate the greatest common divisor of 1134270 and 30.
30
Calculate the greatest common divisor of 1190 and 24430.
70
Calculate the greatest common divisor of 166656 and 1680.
336
What is the greatest common factor of 69091 and 2855?
571
What is the greatest common divisor of 107796 and 208?
52
What is the greatest common divisor of 561498 and 116?
58
What is the highest common divisor of 1080 and 105480?
360
What is the greatest common divisor of 88 and 26104?
8
Calculate the highest common divisor of 16005 and 4125.
165
What is the highest common factor of 251 and 1118707?
251
Calculate the greatest common divisor of 17355 and 130.
65
Calculate the greatest common divisor of 6273 and 111520.
697
What is the highest common divisor of 24 and 59424?
24
What is the highest common divisor of 84 and 4249?
7
What is the highest common factor of 170 and 69690?
10
What is the greatest common factor of 24 and 140442?
6
What is the greatest common divisor of 35448 and 2856?
168
Calculate the greatest common divisor of 3629 and 931.
19
Calculate the highest common factor of 5437216 and 32.
32
What is the greatest common divisor of 130 and 51506?
26
What is the greatest common divisor of 2448 and 1704?
24
What is the greatest common factor of 78221 and 572?
143
What is the highest common divisor of 1148893 and 173?
173
Calculate the highest common factor of 169 and 777738.
169
Calculate the highest common factor of 5805 and 331530.
645
Calculate the greatest common divisor of 1161 and 2007.
9
What is the highest common divisor of 2199283 and 23?
23
Calculate the greatest common factor of 19631 and 10251.
67
What is the highest common factor of 281377 and 477?
53
What is the highest common divisor of 25 and 7675?
25
Calculate the greatest common divisor of 18 and 81009.
9
Calculate the highest common divisor of 25610 and 325.
65
What is the highest common divisor of 2032 and 56?
8
Calculate the greatest common divisor of 3104 and 28384.
32
Calculate the greatest common factor of 224 and 59416.
56
What is the highest common divisor of 92 and 254886?
46
Calculate the greatest common divisor of 5509 and 119.
7
What is the greatest common factor of 45 and 251955?
45
What is the highest common divisor of 4284 and 99972?
36
What is the greatest common factor of 18834 and 1314?
438
What is the greatest common divisor of 3952 and 127504?
208
Calculate the highest common factor of 78 and 66417.
39
Calculate the highest common factor of 14 and 460768.
14
Calculate the greatest common divisor of 36 and 3433284.
36
What is the highest common factor of 78 and 23964?
6
Calculate the highest common factor of 17994 and 48.
6
What is the greatest common factor of 3550 and 1846?
142
Calculate the greatest common factor of 5340 and 990.
30
Calculate the greatest common divisor of 679 and 895019.
97
Calculate the greatest common factor of 390 and 5835.
15
Calculate the highest common divisor of 7553 and 21.
7
Calculate the greatest common divisor of 45 and 100710.
45
What is the greatest common divisor of 179 and 158057?
179
What is the greatest common divisor of 8759 and 118477?
461
Calculate the greatest common factor of 148 and 1212.
4
What is the greatest common factor of 208 and 125996?
52
Calculate the greatest common divisor of 171002 and 1144.
26
What is the greatest common divisor of 41067 and 62451?
243
Calculate the highest common divisor of 3072 and 3504.
48
Calculate the greatest common factor of 75 and 1873425.
75
Calculate the highest common factor of 183570 and 1218.
174
Calculate the greatest common divisor of 109431 and 252.
63
Calculate the greatest common divisor of 23 and 41332.
1
What is the greatest common factor of 820 and 11972?
164
Calculate the greatest common divisor of 23428418 and 26.
26
What is the greatest common divisor of 2616 and 18?
6
What is the highest common factor of 366 and 1400499?
183
Calculate the highest common factor of 33879 and 345.
69
What is the highest common factor of 162918 and 3024?
378
Calculate the highest common factor of 6986 and 826.
14
What is the greatest common factor of 160 and 117940?
20
What is the highest common divisor of 151960 and 3016?
232
Calculate the greatest common divisor of 1872403 and 13.
13
What is the highest common divisor of 324 and 109323?
27
What is the highest common divisor of 667797 and 312?
39
What is the greatest common factor of 437 and 75202?
19
What is the greatest common divisor of 50041 and 3?
1
What is the highest common factor of 96 and 3590208?
96
What is the highest common divisor of 32 and 11512?
8
What is the highest common divisor of 826854 and 56?
14
What is the highest common divisor of 58482 and 6?
6
What is the greatest common divisor of 14880 and 38440?
1240
What is the greatest common divisor of 6925701 and 3?
3
What is the highest common divisor of 50910 and 285?
15
What is the greatest common factor of 34244 and 56?
28
Calculate the greatest common divisor of 15 and 196800.
15
What is the greatest common factor of 86260 and 1140?
380
Calculate the greatest common divisor of 400 and 14224.
16
What is the greatest common factor of 367421 and 51?
17
Calculate the greatest common divisor of 105598 and 91328.
2854
What is the greatest common factor of 1078 and 35882?
154
What is the highest common divisor of 84 and 300342?
42
Calculate the greatest common factor of 67 and 3.
1
Calculate the greatest common factor of 5940 and 4851.
99
Calculate the greatest common factor of 162 and 134865.
81
What is the greatest common divisor of 88850 and 850?
50
Calculate the greatest common divisor of 36005 and 38855.
95
Calculate the greatest common divisor of 12808 and 616.
8
What is the highest common factor of 147430 and 690?
230
What is the greatest common factor of 29982 and 228?
114
Calculate the highest common factor of 832 and 10784.
32
Calculate the greatest common factor of 12 and 482838.
6
What is the highest common factor of 470 and 20398?
94
What is the greatest common divisor of 23792 and 32?
16
Calculate the highest common divisor of 21482 and 1150.
46
Calculate the highest common factor of 1336635 and 90.
45
Calculate the greatest common divisor of 48027 and 959.
7
What is the greatest common factor of 47 and 33071?
1
Calculate the greatest common divisor of 19638 and 234.
18
Calculate the highest common divisor of 55 and 151998.
11
Calculate the greatest common factor of 418 and 60382.
38
Calculate the highest common divisor of 247 and 6783.
19
Calculate the highest common factor of 68634 and 310.
62
Calculate the highest common divisor of 425096 and 56.
56
Calculate the greatest common divisor of 370015 and 430.
215
What is the greatest common factor of 1269 and 21843?
27
Calculate the greatest common divisor of 1 and 59424.
1
Calculate the highest common divisor of 167048 and 70.
14
Calculate the highest common factor of 33 and 114.
3
Calculate the highest common divisor of 80437 and 35.
7
What is the highest common divisor of 874982 and 4010?
802
What is the greatest common divisor of 207 and 419658?
69
What is the greatest common divisor of 581276 and 232?
116
Calculate the greatest common divisor of 1104 and 41904.
48
What is the highest common divisor of 99 and 963?
9
Calculate the highest common divisor of 21348 and 828.
36
What is the highest common factor of 276 and 1668?
12
Calculate the highest common factor of 292 and 3559188.
292
What is the highest common divisor of 20319 and 247?
13
Calculate the greatest common divisor of 221 and 5057.
13
Calculate the greatest common divisor of 21185 and 8251.
223
Calculate the highest common factor of 1129041 and 117.
9
Calculate the greatest common factor of 120 and 15360.
120
Calculate the highest common divisor of 119185 and 591.
197
What is the greatest common factor of 4300 and 23908?
172
What is the highest common factor of 3 and 59289?
3
Calculate the highest common factor of 44 and 196372.
44
Calculate the greatest common divisor of 261 and 188964.
261
What is the greatest common divisor of 63722 and 14194?
302
Calculate the greatest common divisor of 394262 and 22.
22
Calculate the highest common factor of 1027004 and 2244.
748
What is the highest common factor of 24 and 2999976?
24
What is the great